- (-2 + 7).
-3
Evaluate 2 + -1 + -3 + 4 + -7.
-5
Calculate 0 - ((4 - 6) + 13 - 7).
-4
Evaluate (-4 - 0) + 19 + -12 + -5.
-2
(5 - (-5 - 0)) + -4 - 3
3
Calculate 0 + -1 + 2 + 0 + -2.
-1
3 + -6 + 5 + -53 + 45
-6
Evaluate -1 - (0 + 4 + 3 - 4).
-4
Calculate -1 - (-3 - (-1 + (-2 - 2))).
-3
6 + -13 - (1 - 12) - 4
0
Calculate 16 + -8 - 11 - 0.
-3
What is the value of 5 - (3 + (-2 - 0) - -1)?
3
What is (2 - 2) + -3 + 3 + 5?
5
Evaluate 4 + 4 + (-1 - (3 + 1)).
3
Calculate (12 - (-5 + 14)) + (4 - 2).
5
Evaluate 0 - ((1 - 5) + 2).
2
Evaluate (2 - -7) + (0 - (13 + -6)).
2
What is (0 - -2 - -5) + (-124 - -122)?
5
Evaluate 0 + 8 + -5 + 3 - 0.
6
What is the value of (2 + (-6 - -3) - 3) + 3?
-1
Calculate -3 + (-6 - -4) + 10 + -2.
3
Calculate 28 + -23 - (-2 + 1 + 3).
3
Calculate -1 - (-1 + -3 + 3 + -5).
5
What is 2 + 1 + (7 - 4 - 1)?
5
Calculate (12 - 3 - 11) + 1.
-1
What is -5 + -12 + 6 + 9?
-2
(-4 - (5 - 3)) + 9
3
What is the value of 0 + (-1 - 3 - -9)?
5
5 + (-4 + -6 - -12)
7
What is the value of 5 - (-2 - (-3 - (3 - 3)))?
4
Calculate (2 - (3 - 3)) + -4.
-2
What is 6 + -11 - (1 - 1)?
-5
Evaluate -4 + 2 + -9 + 1 + 1.
-9
Calculate (1 - -6) + -6 + 1.
2
(6 + (3 - 1) - 2) + -1
5
What is (2 - 8 - -3) + 12 + -5?
4
Calculate -5 + 14 + -9 + 2 + -2.
0
Calculate 5 + -12 + 4 - (2 - 1).
-4
What is the value of 2 + 9 + -11 - -1?
1
Calculate 1 + (-5 - 1) + 10.
5
Calculate -21 + 23 + (-7 - (-1 - 0)).
-4
What is 5 - (9 + -3 + -7)?
6
Calculate 2 + (-3 - -2 - 9) + 4.
-4
What is the value of (3 - (1 + 1)) + -1?
0
4 + 6 + -8 + -1
1
-3 + -2 - (5 - 0) - -2
-8
-5 + -3 + (3 - -6)
1
Calculate 5 + (-3 + 5 + -6 - 4).
-3
What is the value of -4 - (-1 - (-1 - -4)) - 3?
-3
Calculate 7 + -8 - -4 - (4 - 1).
0
Calculate 4 - -5 - 2 - 13.
-6
What is the value of (-10 - (-11 + 6)) + -1?
-6
What is the value of (-9 - 0) + 3 - -3?
-3
What is 9 + (-12 - (8 + -9))?
-2
Evaluate -1 + 0 + -4 + (-2 - -2).
-5
Evaluate -1 + -2 + 6 + -9 + 1.
-5
Calculate 6 + 6 + (-10 - -1).
3
-4 - (-6 + 0) - 9
-7
What is 5 + -3 + -2 + (-1 - -1)?
0
Evaluate -11 + 8 + (1 - -1 - 2).
-3
20 + -13 - (3 + -2 - -3)
3
Evaluate -1 + (0 - -4) + 47 + -46.
4
What is the value of 1 - 5 - (-4 + 2)?
-2
What is (3 - 6) + 7 - 0 - 1?
3
Calculate 1 + -2 + (-22 - -2) + 21.
0
What is 4 - (17 - 13 - (1 - -4))?
5
What is ((3 - 8) + 4 - -5) + -9?
-5
What is the value of 22 + -19 + 1 + -3 + -1?
0
What is 13 + -31 + 1 + 12?
-5
Calculate -8 + 2 + 1 + (0 - -2).
-3
Calculate -2 + (3 + -11 - -10).
0
(6 - -1 - (-3 - -9)) + 2
3
What is 70 + -76 - (-2 + -5)?
1
Calculate (-7 - -7 - (-3 + -1)) + -9.
-5
What is -3 + (-2 - -3) + -1 + 6?
3
Calculate -17 + 22 - (1 + -1).
5
Calculate -5 + (-1 - -1) + -2 + 2.
-5
What is the value of -2 + 7 + 11 + (11 - 28)?
-1
(2 - 3 - 3) + 5
1
Evaluate -6 + 5 + 2 + 2 + -3.
0
What is 3 - (2 + 3 + -1)?
-1
What is the value of (-1 - -1) + (1 - (12 - 5))?
-6
What is 3 - -1 - (-35 - -38)?
1
Calculate 4 - -1 - (-5 + (-1 - -3)).
8
What is the value of -2 - ((-1 - (0 + 4)) + 5)?
-2
Evaluate (-4 - (2 + -1 + 2)) + 4.
-3
0 + 5 + -14 + 2 + 5
-2
What is 1 - (-8 + 7 - 2)?
4
What is -1 - 2 - 1 - (-79 + 77)?
-2
-6 - -3 - (4 - 3 - 9)
5
Calculate -7 + 12 + (4 + -6 - 3).
0
What is the value of -18 + 23 - (0 - -8)?
-3
Calculate 0 - (-6 + 9 + -1 - -4).
-6
Evaluate (-10 - -7) + (0 - (-2 + 2)).
-3
What is -1 + -3 - (-8 - (14 - 21))?
-3
Calculate -4 - ((1 - 4) + -1).
0
What is 305 + -299 + (0 - (1 + 4))?
1
What is the value of -3 - (0 + (3 - 4))?
-2
What is the value of 4 + (4 - (0 - -6)) - -3?
5
Evaluate 2 + -2 + 2 - -2.
4
Evaluate 9 + -12 + (-3 - 0) + 1.
-5
10 + (-3 - 3) - 6
-2
Calculate 2 + (0 - (5 - 7)).
4
What is (32 - 33) + (5 - 1)?
3
Evaluate (-9 - -7) + 0 + 1 + -1.
-2
(-12 - (14 - 23)) + -3
-6
-3 + -5 - ((-13 - -5) + 4)
-4
Evaluate -17 - ((-3 - 15) + 9).
-8
-9 + 4 + -2 + 2
-5
Evaluate -11 + (-4 - -29) + -8.
6
Evaluate (-33 - -41) + (-6 - 0).
2
What is (3 + -8 - -1) + -6 + 12?
2
Calculate 13 - (10 + -4 + (-4 - -4)).
7
What is -2 + (9 + -2 + -3 - 0)?
2
Calculate 3 + 0 + 2 - 9.
-4
4 - (-7 - (5 + -11))
5
What is -1 + -2 - (1 - 8)?
4
What is the value of -6 + (3 - (8 + -4))?
-7
What is the value of 4 + 2 + -3 + -2 + 3?
4
What is the value of (-10 - -23) + 1 + -10?
4
What is 1 + (-5 - -8 - 0)?
4
What is 0 + 1 + -5 + 4 + 2?
2
Calculate (1 - -6) + (0 - 6).
1
What is the value of -9 + 11 + -4 + 9?
7
What is -5 + (30 - 10 - 11)?
4
Evaluate (-3 - -4 - 6) + 24 + -26.
-7
7 + -2 + (2 - (-4 - -6))
5
What is the value of (-2 - -5) + -7 + 2 + 0?
-2
3 - ((3 + -3 - 6) + 5)
4
16 + -21 - (-12 + (-6 - -10))
3
What is 4 - ((-5 - (5 + -5)) + 6)?
3
What is -3 + (7 - (-2 - (0 - 2)))?
4
Evaluate -5 - (1 + (-2 - 4)).
0
-6 + 9 - (6 - (0 - -1))
-2
What is the value of -9 + 5 + (-1 - -1)?
-4
What is the value of -8 + 6 + 10 + -4?
4
Calculate -3 - (7 + -1 - (16 - 12)).
-5
Evaluate -3 + (-2 - 3) + 5.
-3
What is the value of 2 + -3 + 37 + -36?
0
Evaluate -4 + 2 + -2 + -3.
-7
Calculate -10 + 8 + (-2 - (0 - 0)).
-4
Evaluate 13 + (-3 - 5) - (-1 - -2).
4
Calculate (1 - 4 - (-4 + 1)) + -5.
-5
What is (-5 - (-2 + 2)) + (-1 - -3)?
-3
What is -26 - -26 - (-1 - 0)?
1
What is the value of (-2 - 2) + 1 + 0?
-3
-1 - -11 - (-4 + -1 + 7)
8
Calculate -9 + (0 - (4 + -2 - 7)).
-4
-4 + (4 + -4 - -6)
2
What is 0 + (-6 - ((2 - 0) + -12))?
4
7 - 11 - (-1 - -5) - 0
-8
Evaluate -6 + (-9 - -5) + 3 + -1.
-8
Calculate -3 - -3 - 0 - (3 - 4).
1
What is 0 + -2 - (3 - (-1 + 1))?
-5
Calculate 5 + (-1 - (6 + -4)).
2
2 + 2 + 0 + 6 + -15
-5
What is 2 - 3 - (2 - 0) - -4?
1
-2 + 4 + -10 + 4
-4
What is the value of 1 + -2 + (-2 - 2)?
-5
Calculate -4 + -1 + -1 + 4.
-2
0 + -4 + (-6 - -9) + -1
-2
1 + 2 + 0 + -6
-3
6 + 5 + -10 + 3 + -10
-6
What is the value of -1 - (-1 + 2 + (-2 - -2))?
-2
Evaluate -5 + -11 + 0 + (2 - -4).
-10
What is -1 - (-1 - (-10 + 14))?
4
What is the value of -1 - 10 - -18 - (0 + 1)?
6
What is 6 + -3 - 10 - -3?
-4
What is the value of 24 + -19 - (1 + -2)?
6
What is 44 - 47 - (0 + -7)?
4
What is the value of 39 + -39 - (-1 - -1)?
0
What is the value of 0 - (3 + (-4 + 1 - 2))?
2
2 + (-13 - (-8 + 0))
-3
Evaluate 2 + (11 - 5) - 5.
3
-5 + (-8 - -12) + (-2 - -1)
-2
What is (-1 + 2 - 3) + 1 + 7?
6
What is the value of -2 - 2 - (3 - (-2 - -4))?
-5
What is the value of -4 + 10 + -4 + -4 + 1?
-1
Calculate -10 + -6 + (3 - -4).
-9
Calculate 6 + (-7 + -1 - 0).
-2
Calculate 11 + (-6 - 7) + 9.
7
What is the value of -1 + 0 - (13 + -10)?
-4
Evaluate 3 + -3 + -7 + 0.
-7
What is 47 + -52 - (-1 - (-1 + -1))?
-6
Evaluate 4 + 3 + -2 - 2 - 7.
-4
Calculate -1 + -9 - (2 + -4).
-8
What is 5 + -2 - 7 - (-3 + 0)?
-1
What is (0 - -8) + -27 + 24?
5
Evaluate (-2 - (-10 + 8)) + -1.
-1
(-1 - -2) + 0 - (-2 - 0)
3
8 - (9 + -3) - 6
-4
Calculate -4 + (-1 - (5 + -8)).
-2
Calculate -1 + -5 - (1 + -18 + 14).
-3
What is the value of (-5 + 2 - -3) + (-4 - -1)?
-3
What is the value of (66 - 65) + (2 - 1) + -1?
1
Calculate -1 - (6 - 8 - (-4 - -2)).
-1
Calculate (-5 - (-2 + (-3 - -4))) + 13.
9
Calculate (-5 - -1) + (2 - 1) + -4.
-7
What is the value of (-3 - 1) + (-2 - (-7 - 0))?
1
(-2 - -3 - -4) + -5
0
What is the value of 3 + 0 + (-6 - 0 - -8)?
5
Evaluate (0 + -16 - -2) + (-96 - -101).
-9
Calculate -3 + (-4 - -4) - 1.
-4
Evaluate 5 + -4 + -6 + 2.
-3
Evaluate 0 + (0 - 5) + 10.
5
What is the value of 18 + -22 - (-2 + 0 - 1)?
-1
Calculate 1 + -3 - (2 - -1).
-5
2 - (4 + -5 + 2)
1
Calculate 3 + 10 + -1 + -6 + -13.
-7
What is 3 + (2 - 4) + -1 + 4?
4
Evaluate 1 + 5 + (-5 - 0).
1
-2 + -1 + 5 + -7 - -3
-2
Evaluate 5 + (-4 - (1 + 2)).
-2
(6 - 2 - -1) + (2 - 2)
5
What is the value of 2 + -4 + 5 + 1?
4
-2 + 13 + -4 + -2
5
(-15 - -8 - -14) + 3
10
What is the value of -6 + -3 + 7 + -3?
-5
6 - (5 - 6) - (3 + 1)
3
Evaluate (-10 - 7 - -7) + 14.
4
8 - (9 + -2) - -2
3
(51 - 41) + (2 - 4)
8
Calculate (-3 - 0) + -2 + 3.
-2
What is the value of 0 - ((-5 - 0) + 2) - -2?
5
Calculate 2 - (-1 - (-8 + 1)).
-4
5 - (-5 + 16 + -8)
2
Calculate -8 - (10 + (-6 - 8)).
-4
Calculate -5 + 5 - -10 - 6.
4
What is -2 + -7 + -2 + (-1 - -6)?
-6
Evaluate 17 - (4 - (2 + -8)).
7
Evaluate (3 + -3 - 2) + 5 + -1.
2
Evaluate (5 - 1 - 4) + 5.
5
(10 - 5) + (-1 - 6) + -3
-5
What is -3 + 1 + -1 + 3?
0
(72 - 83) + (5 - 1)
-7
What is the value of (6 + (-3 - 3) - 3) + -6?
-9
Calculate (-4 - (-5 + 3)) + -1.
-3
Calculate (0 + 0 - (53 + -59)) + 3.
9
Calculate 2 - 4 - -9 - 10.
-3
Calculate -2